r?
True
Is 1502 a prime number?
False
Is 74833 composite?
True
Is 6931 prime?
False
Is 109717 a prime number?
True
Is 3427 prime?
False
Is 83 prime?
True
Is 36973 a composite number?
False
Is 327713 composite?
True
Is 239119 composite?
False
Is 14359 composite?
True
Is 144617 a composite number?
True
Is 357229 a prime number?
True
Is 4405 prime?
False
Is 11026165 a composite number?
True
Is 20327 prime?
True
Is 1402673 a composite number?
False
Is 11855 prime?
False
Is 28387 prime?
True
Is 1423159 a prime number?
True
Is 14441 a prime number?
False
Is 191559 a prime number?
False
Is 29269 prime?
True
Is 1673237 prime?
True
Is 17245 a prime number?
False
Is 1577461 a prime number?
False
Is 91433 prime?
True
Is 64667 prime?
True
Is 608173 a prime number?
False
Is 1459 a prime number?
True
Is 305005 prime?
False
Is 399389 a composite number?
False
Is 513953 a composite number?
True
Is 16183 prime?
True
Is 163 prime?
True
Is 39439 prime?
True
Is 310169 composite?
False
Is 23605 prime?
False
Is 5218 prime?
False
Is 594421 a prime number?
True
Is 6047 a prime number?
True
Is 434899 a composite number?
True
Is 10361 a composite number?
True
Is 467 composite?
False
Is 37382 composite?
True
Is 1035185 composite?
True
Is 4251919 prime?
False
Is 1621 composite?
False
Is 416107 a composite number?
False
Is 268607 prime?
True
Is 53813 a prime number?
True
Is 68207 composite?
False
Is 179261 a composite number?
False
Is 14587 prime?
False
Is 49355 a prime number?
False
Is 58897 a composite number?
False
Is 211691 prime?
True
Is 8923 a composite number?
False
Is 14107 prime?
True
Is 837721 a composite number?
False
Is 14979 a prime number?
False
Is 138793 composite?
False
Is 20063 a prime number?
True
Is 46619 a prime number?
True
Is 493 a prime number?
False
Is 135173 a composite number?
False
Is 19531 prime?
True
Is 15727 composite?
False
Is 226861 a prime number?
False
Is 3473 prime?
False
Is 164503 composite?
False
Is 448795 prime?
False
Is 1300647 composite?
True
Is 35347 a composite number?
True
Is 6687055 a prime number?
False
Is 80989 prime?
True
Is 707081 prime?
False
Is 585217 prime?
True
Is 65743 prime?
False
Is 2101 prime?
False
Is 987013 prime?
True
Is 150937 prime?
False
Is 128147 a composite number?
False
Is 29083 a composite number?
True
Is 210367 prime?
False
Is 4885 a prime number?
False
Is 34955 a prime number?
False
Is 38371 a prime number?
True
Is 2179 a prime number?
True
Is 260143 prime?
False
Is 9227 a prime number?
True
Is 11549 a composite number?
False
Is 18899 a prime number?
True
Is 67339 a prime number?
True
Is 1536031 a prime number?
False
Is 155546 a prime number?
False
Is 178109 prime?
False
Is 951071 a composite number?
True
Is 2437 composite?
False
Is 863881 a composite number?
True
Is 2704253 a composite number?
False
Is 121219 a prime number?
False
Is 276229 composite?
False
Is 557741 composite?
False
Is 13781 composite?
False
Is 2521 composite?
False
Is 528289 composite?
False
Is 7613 a prime number?
False
Is 248749 prime?
True
Is 32863 a prime number?
False
Is 20833 composite?
True
Is 298969 composite?
True
Is 20261 composite?
False
Is 185021 prime?
True
Is 13963 a prime number?
True
Is 199151 a prime number?
True
Is 1399 composite?
False
Is 4638227 prime?
False
Is 1859999 prime?
True
Is 785809 a composite number?
False
Is 162451 a prime number?
True
Is 44351 a prime number?
True
Is 12667 a composite number?
True
Is 91727 a prime number?
False
Is 116549 a prime number?
True
Is 25013 prime?
True
Is 1932659 prime?
False
Is 18113 a composite number?
True
Is 34631 composite?
False
Is 7121 a prime number?
True
Is 942943 prime?
True
Is 1143013 prime?
True
Is 459337 composite?
False
Is 1552907 prime?
False
Is 2833 a prime number?
True
Is 8353 composite?
False
Is 9733 a prime number?
True
Is 60013 a composite number?
False
Is 46619 a composite number?
False
Is 11771 composite?
True
Is 907 a composite number?
False
Is 4783 prime?
True
Is 3194 prime?
False
Is 179143 composite?
False
Is 6238 a prime number?
False
Is 6881 prime?
False
Is 13931 a prime number?
True
Is 2333 a prime number?
True
Is 42977 prime?
False
Is 103799 composite?
True
Is 1426057 prime?
True
Is 100247 a prime number?
False
Is 431311 a prime number?
True
Is 11341 a prime number?
False
Is 25439 prime?
True
Is 19066 a prime number?
False
Is 167363 composite?
True
Is 3143 composite?
True
Is 337261 a prime number?
True
Is 7607 a prime number?
True
Is 23117 composite?
False
Is 50489 a composite number?
True
Is 1013191 a composite number?
True
Is 31307 a composite number?
False
Is 68081 a prime number?
False
Is 113583 a composite number?
True
Is 45861 a composite number?
True
Is 2254235 prime?
False
Is 3821 composite?
False
Is 110077 a composite number?
True
Is 83177 composite?
False
Is 403969 prime?
True
Is 4109 a prime number?
False
Is 220085 a prime number?
False
Is 203578 a composite number?
True
Is 212813 composite?
True
Is 42787 prime?
True
Is 13381 prime?
True
Is 406619 a composite number?
True
Is 31379 prime?
True
Is 26309 a composite number?
False
Is 307 a composite number?
False
Is 1903 a composite number?
True
Is 759397 a prime number?
True
Is 2333 a prime number?
True
Is 91687 a prime number?
False
Is 216074 prime?
False
Is 107861 a prime number?
False
Is 6731 a composite number?
True
Is 126307 prime?
True
Is 10427 a prime number?
True
Is 1113989 a prime number?
False
Is 933 prime?
False
Is 43765 prime?
False
Is 102223 a prime number?
False
Is 56733 a prime number?
False
Is 15013 a composite number?
False
Is 685591 composite?
False
Is 43853 a composite number?
False
Is 816077 a prime number?
True
Is 114329 a composite number?
False
Is 26661 a composite number?
True
Is 48947 composite?
False
Is 3234809 composite?
False
Is 2911 a composite number?
True
Is 1800673 prime?
False
Is 1865833 a prime number?
False
Is 162389 a composite number?
False
Is 657481 composite?
True
Is 1933007 prime?
True
Is 14843 prime?
True
Is 3647 a prime number?
False
Is 7867 a prime number?
True
Is 8057 a composite number?
True
Is 307907 a prime number?
False
Is 3643 a composite number?
False
Is 11359 composite?
True
Is 2432533 a prime number?
True
Is 745 a composite number?
True
Is 24317 composite?
False
Is 1514599 composite?
False
Is 570821 a composite number?
False
Is 598421 a composite number?
False
Is 34123 a composite number?
False
Is 344503 a prime number?
False
Is 551651 a composite number?
False
Is 956831 a prime number?
True
Is 1009 composite?
False
Is 397751 a composite number?
False
Is 1340549 prime?
False
Is 96071 a prime number?
False
Is 65867 prime?
True
Is 16057 a prime number?
True
Is 620429 composite?
False
Is 39817 a composite number?
True
Is 731 a composite number?
True
Is 1232831 a prime number?
True
Is 2792759 prime?
False
Is 7193 composite?
False
Is 18143 a prime number?
True
Is 16526 a prime number?
False
Is 3607 a prime number?
True
Is 50665 composite?
True
Is 285749 a composite number?
False
Is 6336905 a composite number?
True
Is 203491 prime?
False
Is 49133 composite?
True
Is 12251 composite?
False
Is 118227 a prime number?
False
Is 308129 composite?
False
Is 23683 prime?
False
Is 10007 a prime number?
True
Is 2281 composite?
False
Is 125857 a prime number?
False
Is 336179 a composite number?
True
Is 65167 composite?
False
Is 6823 a composite number?
False
Is 80021 prime?
True
Is 22786 prime?
False
Is 121297 composite?
True
Is 134033 prime?
True
Is 203941 prime?
False
Is 37379 composite?
False
Is 317029 prime?
True
Is 109219 a prime number?
False
Is 39595 composite?
True
Is 8097 prime?
False
Is 18101 a composite number?
True
Is 62821 a prime number?
False
Is 4867 prime?
False
Is 5981 a prime number?
True
Is 19567 prime?
False
Is 195539 a prime number?
True
Is 896311 composite?
True
Is 13229 composite?
False
Is 1672043 composite?
True
Is 15853 prime?
False
Is 21173 a composite number?
True
Is 1657 a composite number?
False
Is 307 composite?
False
Is 15419 prime?
False
Is 77683 composite?
True
Is 1442633 prime?
True
Is 511787 a prime number?
True
Is 15227 a prime number?
True
Is 12991 prime?
False
Is 20431 prime?
True
Is 23183 prime?
False
Is 198553 composite?
False
Is 23431 prime?
True
Is 15613 a composite number?
True
Is 778357 a composite number?
Fals